{"id":1947,"date":"2016-12-09T07:16:34","date_gmt":"2016-12-09T05:16:34","guid":{"rendered":"https:\/\/collegelucieaubrac.blogs.laclasse.com\/?page_id=1947"},"modified":"2020-02-13T16:51:35","modified_gmt":"2020-02-13T14:51:35","slug":"le-college","status":"publish","type":"page","link":"https:\/\/collegelucieaubrac.blogs.laclasse.com\/?page_id=1947","title":{"rendered":"Le coll\u00e8ge"},"content":{"rendered":"<p><a href=\"https:\/\/collegelucieaubrac.blogs.laclasse.com\/?page_id=1960\">Le mot du principal<\/a><\/p>\n<p><a href=\"https:\/\/collegelucieaubrac.blogs.laclasse.com\/?p=2025\">Localisation<\/a><\/p>\n<p><a href=\"https:\/\/collegelucieaubrac.blogs.laclasse.com\/\">Pr\u00e9sentation du coll\u00e8ge<\/a><\/p>\n<p><a href=\"https:\/\/collegelucieaubrac.blogs.laclasse.com\/?page_id=2291\">Vie scolaire<\/a><\/p>\n<p><a href=\"https:\/\/collegelucieaubrac.blogs.laclasse.com\/?page_id=2301\">Demi-pension<\/a><\/p>\n<p><a href=\"https:\/\/collegelucieaubrac.blogs.laclasse.com\/?page_id=2153\">Liste des fournitures<\/a><\/p>\n<p><a href=\"https:\/\/collegelucieaubrac.blogs.laclasse.com\/?page_id=2992\">Manuels du coll\u00e8ge<\/a><\/p>\n<p>&nbsp;<\/p>\n","protected":false},"excerpt":{"rendered":"<p>Le mot du principal Localisation Pr\u00e9sentation du coll\u00e8ge Vie scolaire Demi-pension Liste des fournitures Manuels du coll\u00e8ge &nbsp;<\/p>\n","protected":false},"author":34479,"featured_media":0,"parent":0,"menu_order":11,"comment_status":"closed","ping_status":"closed","template":"","meta":{"ngg_post_thumbnail":0,"footnotes":""},"class_list":["post-1947","page","type-page","status-publish","hentry"],"_links":{"self":[{"href":"https:\/\/collegelucieaubrac.blogs.laclasse.com\/index.php?rest_route=\/wp\/v2\/pages\/1947","targetHints":{"allow":["GET"]}}],"collection":[{"href":"https:\/\/collegelucieaubrac.blogs.laclasse.com\/index.php?rest_route=\/wp\/v2\/pages"}],"about":[{"href":"https:\/\/collegelucieaubrac.blogs.laclasse.com\/index.php?rest_route=\/wp\/v2\/types\/page"}],"author":[{"embeddable":true,"href":"https:\/\/collegelucieaubrac.blogs.laclasse.com\/index.php?rest_route=\/wp\/v2\/users\/34479"}],"replies":[{"embeddable":true,"href":"https:\/\/collegelucieaubrac.blogs.laclasse.com\/index.php?rest_route=%2Fwp%2Fv2%2Fcomments&post=1947"}],"version-history":[{"count":5,"href":"https:\/\/collegelucieaubrac.blogs.laclasse.com\/index.php?rest_route=\/wp\/v2\/pages\/1947\/revisions"}],"predecessor-version":[{"id":3016,"href":"https:\/\/collegelucieaubrac.blogs.laclasse.com\/index.php?rest_route=\/wp\/v2\/pages\/1947\/revisions\/3016"}],"wp:attachment":[{"href":"https:\/\/collegelucieaubrac.blogs.laclasse.com\/index.php?rest_route=%2Fwp%2Fv2%2Fmedia&parent=1947"}],"curies":[{"name":"wp","href":"https:\/\/api.w.org\/{rel}","templated":true}]}}