{"id":2116,"date":"2017-01-02T20:02:38","date_gmt":"2017-01-02T18:02:38","guid":{"rendered":"https:\/\/collegelucieaubrac.blogs.laclasse.com\/?page_id=2116"},"modified":"2019-11-01T00:09:19","modified_gmt":"2019-10-31T22:09:19","slug":"autres","status":"publish","type":"page","link":"https:\/\/collegelucieaubrac.blogs.laclasse.com\/?page_id=2116","title":{"rendered":"Les partenaires associatifs et institutionnels"},"content":{"rendered":"<p style=\"text-align: left\">&nbsp;<\/p>\n<table style=\"border-collapse: collapse;width: 100%;height: 83px\">\n<tbody>\n<tr style=\"height: 25px\">\n<td style=\"width: 33.333333333333336%;height: 25px;background-color: #378db8\">&nbsp;<\/td>\n<td style=\"width: 33.333333333333336%;height: 25px;background-color: #378db8\"><strong style=\"font-family: 'Helvetica Neue', Helvetica, Arial, sans-serif;font-size: 15px;font-style: normal\">Les Cycles rugby au coll\u00e8ge et&nbsp;L&#8217;AS<\/strong><strong><br \/>\n<\/strong><\/td>\n<td style=\"width: 33.333333333333336%;height: 25px;background-color: #378db8\">&nbsp;<\/td>\n<\/tr>\n<tr style=\"height: 10px\">\n<td style=\"width: 33.333333333333336%;height: 10px;background-color: #378db8\">&nbsp;<\/td>\n<td style=\"width: 33.333333333333336%;height: 10px;text-align: center;background-color: #378db8\"><strong><a style=\"font-size: 15px\" href=\"https:\/\/www.sogrugby.com\"><img loading=\"lazy\" decoding=\"async\" class=\"size-medium wp-image-2794 alignright\" src=\"https:\/\/collegelucieaubrac.blogs.laclasse.com\/wp-content\/uploads\/sites\/1279\/2019\/10\/Capture-d\u2019\u00e9cran-2019-10-31-\u00e0-22.21.11-300x77.png\" alt=\"\" width=\"300\" height=\"77\" srcset=\"https:\/\/collegelucieaubrac.blogs.laclasse.com\/wp-content\/uploads\/sites\/1279\/2019\/10\/Capture-d\u2019\u00e9cran-2019-10-31-\u00e0-22.21.11-300x77.png 300w, https:\/\/collegelucieaubrac.blogs.laclasse.com\/wp-content\/uploads\/sites\/1279\/2019\/10\/Capture-d\u2019\u00e9cran-2019-10-31-\u00e0-22.21.11.png 405w\" sizes=\"auto, (max-width: 300px) 100vw, 300px\" \/><\/a><\/strong><\/td>\n<td style=\"width: 33.333333333333336%;height: 10px;background-color: #378db8\">&nbsp;<\/td>\n<\/tr>\n<tr style=\"height: 25px\">\n<td style=\"width: 33.333333333333336%;height: 25px;text-align: center;background-color: #378db8\"><strong>Le Th\u00e9\u00e2tre de Givors &nbsp;<\/strong><\/td>\n<td style=\"width: 33.333333333333336%;height: 25px;text-align: center;background-color: #378db8\"><strong>Le centre social<\/strong><\/td>\n<td style=\"width: 33.333333333333336%;height: 25px;text-align: center;background-color: #378db8\"><strong>La MJC de Givors<\/strong><\/td>\n<\/tr>\n<tr style=\"height: 23px\">\n<td style=\"width: 33.333333333333336%;height: 23px;text-align: center;background-color: #378db8\"><a href=\"https:\/\/www.theatredegivors.fr\"><img loading=\"lazy\" decoding=\"async\" class=\"alignnone size-full wp-image-2730\" src=\"https:\/\/collegelucieaubrac.blogs.laclasse.com\/wp-content\/uploads\/sites\/1279\/2019\/10\/Capture-d\u2019\u00e9cran-2019-10-31-\u00e0-18.32.16.png\" alt=\"Logo Th\u00e9\u00e2tre Givors\" width=\"196\" height=\"165\"\/><\/a><\/td>\n<td style=\"width: 33.333333333333336%;height: 23px;text-align: center;background-color: #378db8\">&nbsp;<\/td>\n<td style=\"width: 33.333333333333336%;height: 23px;text-align: center;background-color: #378db8\"><strong style=\"font-size: 15px\"><a href=\"https:\/\/collegelucieaubrac.blogs.laclasse.com\/wp-content\/uploads\/sites\/1279\/2019\/11\/Capture-d\u2019\u00e9cran-2019-10-31-\u00e0-23.01.42.png\"><img loading=\"lazy\" decoding=\"async\" class=\"alignnone size-full wp-image-2811\" src=\"https:\/\/collegelucieaubrac.blogs.laclasse.com\/wp-content\/uploads\/sites\/1279\/2019\/11\/Capture-d\u2019\u00e9cran-2019-10-31-\u00e0-23.01.42.png\" alt=\"\" width=\"197\" height=\"113\"\/><\/a>&nbsp; &nbsp; &nbsp; &nbsp; &nbsp; &nbsp; &nbsp; &nbsp; &nbsp; &nbsp; &nbsp; &nbsp; &nbsp; &nbsp; &nbsp; &nbsp; &nbsp; &nbsp; &nbsp; &nbsp; &nbsp; &nbsp; &nbsp; &nbsp; &nbsp; &nbsp; &nbsp; &nbsp; &nbsp; &nbsp; &nbsp; &nbsp; &nbsp; &nbsp; &nbsp; &nbsp; &nbsp; &nbsp; &nbsp; &nbsp; &nbsp; &nbsp; &nbsp; &nbsp; &nbsp; &nbsp; &nbsp; &nbsp; &nbsp; &nbsp;&nbsp;<\/strong><\/td>\n<\/tr>\n<\/tbody>\n<\/table>\n<p>&nbsp;<\/p>\n","protected":false},"excerpt":{"rendered":"<p>&nbsp; &nbsp; Les Cycles rugby au coll\u00e8ge et&nbsp;L&#8217;AS &nbsp; &nbsp; &nbsp; Le Th\u00e9\u00e2tre de Givors &nbsp; Le centre social La MJC de Givors &nbsp; &nbsp; &nbsp; &nbsp; &nbsp; &nbsp; &nbsp; &nbsp; &nbsp; &nbsp; &nbsp; &nbsp; &nbsp; &nbsp; &nbsp; &nbsp; &nbsp; <a class=\"more-link\" href=\"https:\/\/collegelucieaubrac.blogs.laclasse.com\/?page_id=2116\">Continuer la lecture <span class=\"screen-reader-text\">  Les partenaires associatifs et institutionnels<\/span><span class=\"meta-nav\">&rarr;<\/span><\/a><\/p>\n","protected":false},"author":34472,"featured_media":0,"parent":1956,"menu_order":3,"comment_status":"closed","ping_status":"closed","template":"","meta":{"ngg_post_thumbnail":0,"footnotes":""},"class_list":["post-2116","page","type-page","status-publish","hentry"],"_links":{"self":[{"href":"https:\/\/collegelucieaubrac.blogs.laclasse.com\/index.php?rest_route=\/wp\/v2\/pages\/2116","targetHints":{"allow":["GET"]}}],"collection":[{"href":"https:\/\/collegelucieaubrac.blogs.laclasse.com\/index.php?rest_route=\/wp\/v2\/pages"}],"about":[{"href":"https:\/\/collegelucieaubrac.blogs.laclasse.com\/index.php?rest_route=\/wp\/v2\/types\/page"}],"author":[{"embeddable":true,"href":"https:\/\/collegelucieaubrac.blogs.laclasse.com\/index.php?rest_route=\/wp\/v2\/users\/34472"}],"replies":[{"embeddable":true,"href":"https:\/\/collegelucieaubrac.blogs.laclasse.com\/index.php?rest_route=%2Fwp%2Fv2%2Fcomments&post=2116"}],"version-history":[{"count":10,"href":"https:\/\/collegelucieaubrac.blogs.laclasse.com\/index.php?rest_route=\/wp\/v2\/pages\/2116\/revisions"}],"predecessor-version":[{"id":2812,"href":"https:\/\/collegelucieaubrac.blogs.laclasse.com\/index.php?rest_route=\/wp\/v2\/pages\/2116\/revisions\/2812"}],"up":[{"embeddable":true,"href":"https:\/\/collegelucieaubrac.blogs.laclasse.com\/index.php?rest_route=\/wp\/v2\/pages\/1956"}],"wp:attachment":[{"href":"https:\/\/collegelucieaubrac.blogs.laclasse.com\/index.php?rest_route=%2Fwp%2Fv2%2Fmedia&parent=2116"}],"curies":[{"name":"wp","href":"https:\/\/api.w.org\/{rel}","templated":true}]}}