{"id":2118,"date":"2017-01-02T20:03:23","date_gmt":"2017-01-02T18:03:23","guid":{"rendered":"https:\/\/collegelucieaubrac.blogs.laclasse.com\/?page_id=2118"},"modified":"2021-11-30T11:13:57","modified_gmt":"2021-11-30T09:13:57","slug":"education-nationale","status":"publish","type":"page","link":"https:\/\/collegelucieaubrac.blogs.laclasse.com\/?page_id=2118","title":{"rendered":"Education nationale"},"content":{"rendered":"<h2><a href=\"http:\/\/dfie.ac-lyon.fr\"><img loading=\"lazy\" decoding=\"async\" class=\"alignnone size-medium wp-image-2796\" src=\"https:\/\/collegelucieaubrac.blogs.laclasse.com\/wp-content\/uploads\/sites\/1279\/2019\/10\/Capture-d\u2019\u00e9cran-2019-10-31-\u00e0-22.26.43-300x100.png\" alt=\"\" width=\"300\" height=\"100\" srcset=\"https:\/\/collegelucieaubrac.blogs.laclasse.com\/wp-content\/uploads\/sites\/1279\/2019\/10\/Capture-d\u2019\u00e9cran-2019-10-31-\u00e0-22.26.43-300x100.png 300w, https:\/\/collegelucieaubrac.blogs.laclasse.com\/wp-content\/uploads\/sites\/1279\/2019\/10\/Capture-d\u2019\u00e9cran-2019-10-31-\u00e0-22.26.43.png 488w\" sizes=\"auto, (max-width: 300px) 100vw, 300px\" \/><\/a><\/h2>\n<h2>L&#8217;exp\u00e9rimentation au service de la r\u00e9ussite des \u00e9l\u00e8ves<\/h2>\n<p style=\"text-align: justify\">Deux exp\u00e9rimentations en cours depuis la rentr\u00e9e 2019-2020 : Vers la semestrialisation et l&#8217;enseignement en classes flexibles.<\/p>\n<h2 style=\"text-align: justify\">&nbsp;<\/h2>\n<h2 id=\"titre_contenu\" class=\"normal\" style=\"text-align: justify\">Les parents d&#8217;\u00e9l\u00e8ves<\/h2>\n<p style=\"text-align: justify\">Les parents sont des membres \u00e0 part enti\u00e8re de la communaut\u00e9 \u00e9ducative. Le dialogue avec les enseignants et autres personnels du coll\u00e8ge est assur\u00e9 soit directement sur rendez-vous, soit via le carnet correspondance, soit par t\u00e9l\u00e9phone, par courrier \u00e9lectronique, etc. (<a href=\"https:\/\/collegelucieaubrac.blogs.laclasse.com\/?page_id=1958\">contact<\/a>)<br \/>\nLes repr\u00e9sentants de parents d\u2019\u00e9l\u00e8ves participent aux conseils de classe et au conseil d&#8217;administration&#8230;<br \/>\nEn savoir + : <a href=\"http:\/\/www.education.gouv.fr\/cid2659\/les-parents-d-eleves.html\">http:\/\/www.education.gouv.fr\/cid2659\/les-parents-d-eleves.html<\/a><\/p>\n<h2 id=\"titre_contenu\" class=\"normal\" style=\"text-align: justify\">Les parents \u00e0 l&#8217;\u00c9cole<\/h2>\n<p style=\"text-align: justify\">Les droits des parents d&#8217;\u00e9l\u00e8ves \u00e0 assurer leur r\u00f4le \u00e9ducatif sont reconnus \u00e0 travers&nbsp;: un droit d&#8217;information sur le suivi de la scolarit\u00e9 et du comportement scolaire de leurs enfants, un droit de r\u00e9union s&#8217;exer\u00e7ant dans le cadre de r\u00e9unions collectives ou de rencontres individuelles, un droit de participation par leurs repr\u00e9sentants, membres ou non d&#8217;une association, \u00e9lus ou d\u00e9sign\u00e9s pour si\u00e9ger dans les instances des \u00e9coles et des \u00e9tablissements scolaires.<br \/>\nEn savoir + : <a href=\"http:\/\/www.education.gouv.fr\/cid50506\/les-parents-a-l-ecole.html\">http:\/\/www.education.gouv.fr\/cid50506\/les-parents-a-l-ecole.html<\/a><\/p>\n","protected":false},"excerpt":{"rendered":"<p>L&#8217;exp\u00e9rimentation au service de la r\u00e9ussite des \u00e9l\u00e8ves Deux exp\u00e9rimentations en cours depuis la rentr\u00e9e 2019-2020 : Vers la semestrialisation et l&#8217;enseignement en classes flexibles. &nbsp; Les parents d&#8217;\u00e9l\u00e8ves Les parents sont des membres \u00e0 part enti\u00e8re de la communaut\u00e9 <a class=\"more-link\" href=\"https:\/\/collegelucieaubrac.blogs.laclasse.com\/?page_id=2118\">Continuer la lecture <span class=\"screen-reader-text\">  Education nationale<\/span><span class=\"meta-nav\">&rarr;<\/span><\/a><\/p>\n","protected":false},"author":34472,"featured_media":0,"parent":1956,"menu_order":2,"comment_status":"closed","ping_status":"closed","template":"","meta":{"ngg_post_thumbnail":0,"footnotes":""},"class_list":["post-2118","page","type-page","status-publish","hentry"],"_links":{"self":[{"href":"https:\/\/collegelucieaubrac.blogs.laclasse.com\/index.php?rest_route=\/wp\/v2\/pages\/2118","targetHints":{"allow":["GET"]}}],"collection":[{"href":"https:\/\/collegelucieaubrac.blogs.laclasse.com\/index.php?rest_route=\/wp\/v2\/pages"}],"about":[{"href":"https:\/\/collegelucieaubrac.blogs.laclasse.com\/index.php?rest_route=\/wp\/v2\/types\/page"}],"author":[{"embeddable":true,"href":"https:\/\/collegelucieaubrac.blogs.laclasse.com\/index.php?rest_route=\/wp\/v2\/users\/34472"}],"replies":[{"embeddable":true,"href":"https:\/\/collegelucieaubrac.blogs.laclasse.com\/index.php?rest_route=%2Fwp%2Fv2%2Fcomments&post=2118"}],"version-history":[{"count":10,"href":"https:\/\/collegelucieaubrac.blogs.laclasse.com\/index.php?rest_route=\/wp\/v2\/pages\/2118\/revisions"}],"predecessor-version":[{"id":3739,"href":"https:\/\/collegelucieaubrac.blogs.laclasse.com\/index.php?rest_route=\/wp\/v2\/pages\/2118\/revisions\/3739"}],"up":[{"embeddable":true,"href":"https:\/\/collegelucieaubrac.blogs.laclasse.com\/index.php?rest_route=\/wp\/v2\/pages\/1956"}],"wp:attachment":[{"href":"https:\/\/collegelucieaubrac.blogs.laclasse.com\/index.php?rest_route=%2Fwp%2Fv2%2Fmedia&parent=2118"}],"curies":[{"name":"wp","href":"https:\/\/api.w.org\/{rel}","templated":true}]}}