{"id":2130,"date":"2017-01-02T20:07:51","date_gmt":"2017-01-02T18:07:51","guid":{"rendered":"https:\/\/collegelucieaubrac.blogs.laclasse.com\/?page_id=2130"},"modified":"2024-02-16T13:43:24","modified_gmt":"2024-02-16T11:43:24","slug":"cdi","status":"publish","type":"page","link":"https:\/\/collegelucieaubrac.blogs.laclasse.com\/?page_id=2130","title":{"rendered":"CDI &#8211; Centre de Documentation et  d&#8217;Information"},"content":{"rendered":"<p align=\"justify\"><span style=\"color: #3366ff\">Bienvenue au CDI !<\/span><\/p>\n<p align=\"justify\"><span style=\"color: #3366ff\">Espace culturel, lieu de travail et d&#8217;\u00e9panouissement personnel, le CDI (Centre de Documentation et d&#8217;Information) du coll\u00e8ge Lucie Aubrac est ouvert aux \u00e9l\u00e8ves et aux adultes tous les jours de la semaine.<\/span><\/p>\n<p align=\"justify\"><span style=\"color: #3366ff\">Si vous cherchez un lieu de ressources pour lire, emprunter des livres, travailler, utiliser les ordinateurs, participer \u00e0 des activit\u00e9s culturelles et p\u00e9dagogiques, la professeure documentaliste du coll\u00e8ge, Madame Ga\u00eblle DEVIN, sera tr\u00e8s heureuse de vous accueillir pendant ces horaires :<\/span><\/p>\n<p align=\"justify\"><span style=\"color: #3366ff\">Lundi : 09h \u2013 12h00 et 13h \u2013 17h00<\/span><br \/>\n<span style=\"color: #3366ff\">Mardi : 09h \u2013 12h00 et 13h \u2013 17h00<\/span><br \/>\n<span style=\"color: #3366ff\">Mercredi : 09h \u2013 12h00<\/span><br \/>\n<span style=\"color: #3366ff\">Jeudi : 09h \u2013 12h00 et 13h \u2013 17h00<\/span><br \/>\n<span style=\"color: #3366ff\">Vendredi : 09h \u2013 12h00<\/span><\/p>\n<p align=\"justify\"><span style=\"color: #3366ff\">Pour information : le CDI est ferm\u00e9 lors des projets, des cours, des clubs et des r\u00e9unions.<\/span><\/p>\n<p align=\"justify\"><span style=\"color: #3366ff\">Pensez \u00e0 consulter le planning sur la port\u00e9e l\u2019entr\u00e9e qui change chaque semaine.<\/span><\/p>\n<p align=\"justify\"><span style=\"color: #3366ff\">Pour ne rien rater de l&#8217;actualit\u00e9 du CDI et consulter le catalogue des documents du CDI, allez sur<\/span><\/p>\n<p><span style=\"color: #3366ff\">esidoc, le site web du CDI : <\/span><strong><a href=\"http:\/\/0691483m.esidoc.fr\/\"><span style=\"color: #3366ff\">http:\/\/0691483m.esidoc.fr\/<\/span><\/a><\/strong><\/p>\n<p align=\"justify\"><span style=\"color: #3366ff\">Des commandes sont r\u00e9guli\u00e8rement effectu\u00e9es afin de r\u00e9pondre au mieux aux demandes des usagers et de d\u00e9velopper l\u2019envie de lire.<\/span><\/p>\n<p align=\"justify\"><span style=\"color: #3366ff\">Le lieu CDI comprend plusieurs espaces de travail sur tables, un espace informatique et des espaces de lectures et d\u2019activit\u00e9s ludiques et artistiques.<\/span><\/p>\n<p align=\"justify\"><span style=\"color: #3366ff\">Pendant l&#8217;ann\u00e9e, des cours d\u2019\u00c9ducation aux M\u00e9dias et \u00e0 l&#8217;Information (EMI), d\u2019information documentation et de culture num\u00e9riques sont propos\u00e9s aux \u00e9l\u00e8ves en plus d\u2019accueillir des expositions, des animations culturelles et divers projets.<\/span><\/p>\n<p align=\"justify\"><span style=\"color: #3366ff\">Au plaisir de vous accueillir au CDI.<\/span><\/p>\n<p align=\"justify\"><span style=\"color: #3366ff\">Madame Ga\u00eblle DEVIN, professeure documentaliste.<\/span><\/p>\n","protected":false},"excerpt":{"rendered":"<p>Bienvenue au CDI ! Espace culturel, lieu de travail et d&#8217;\u00e9panouissement personnel, le CDI (Centre de Documentation et d&#8217;Information) du coll\u00e8ge Lucie Aubrac est ouvert aux \u00e9l\u00e8ves et aux adultes tous les jours de la semaine. Si vous cherchez un <a class=\"more-link\" href=\"https:\/\/collegelucieaubrac.blogs.laclasse.com\/?page_id=2130\">Continuer la lecture <span class=\"screen-reader-text\">  CDI &#8211; Centre de Documentation et  d&#8217;Information<\/span><span class=\"meta-nav\">&rarr;<\/span><\/a><\/p>\n","protected":false},"author":34472,"featured_media":0,"parent":1954,"menu_order":0,"comment_status":"closed","ping_status":"closed","template":"","meta":{"ngg_post_thumbnail":0,"footnotes":""},"class_list":["post-2130","page","type-page","status-publish","hentry"],"_links":{"self":[{"href":"https:\/\/collegelucieaubrac.blogs.laclasse.com\/index.php?rest_route=\/wp\/v2\/pages\/2130","targetHints":{"allow":["GET"]}}],"collection":[{"href":"https:\/\/collegelucieaubrac.blogs.laclasse.com\/index.php?rest_route=\/wp\/v2\/pages"}],"about":[{"href":"https:\/\/collegelucieaubrac.blogs.laclasse.com\/index.php?rest_route=\/wp\/v2\/types\/page"}],"author":[{"embeddable":true,"href":"https:\/\/collegelucieaubrac.blogs.laclasse.com\/index.php?rest_route=\/wp\/v2\/users\/34472"}],"replies":[{"embeddable":true,"href":"https:\/\/collegelucieaubrac.blogs.laclasse.com\/index.php?rest_route=%2Fwp%2Fv2%2Fcomments&post=2130"}],"version-history":[{"count":6,"href":"https:\/\/collegelucieaubrac.blogs.laclasse.com\/index.php?rest_route=\/wp\/v2\/pages\/2130\/revisions"}],"predecessor-version":[{"id":2968,"href":"https:\/\/collegelucieaubrac.blogs.laclasse.com\/index.php?rest_route=\/wp\/v2\/pages\/2130\/revisions\/2968"}],"up":[{"embeddable":true,"href":"https:\/\/collegelucieaubrac.blogs.laclasse.com\/index.php?rest_route=\/wp\/v2\/pages\/1954"}],"wp:attachment":[{"href":"https:\/\/collegelucieaubrac.blogs.laclasse.com\/index.php?rest_route=%2Fwp%2Fv2%2Fmedia&parent=2130"}],"curies":[{"name":"wp","href":"https:\/\/api.w.org\/{rel}","templated":true}]}}