{"id":2213,"date":"2017-01-02T23:53:33","date_gmt":"2017-01-02T21:53:33","guid":{"rendered":"https:\/\/collegelucieaubrac.blogs.laclasse.com\/?page_id=2213"},"modified":"2021-11-29T13:36:16","modified_gmt":"2021-11-29T11:36:16","slug":"formations-premiers-secours","status":"publish","type":"page","link":"https:\/\/collegelucieaubrac.blogs.laclasse.com\/?page_id=2213","title":{"rendered":"Formations premiers secours"},"content":{"rendered":"<p><span style=\"color: #0066ff\"><span style=\"font-family: Arial, sans-serif\">Le mercredi 24\/11 a eu lieu<strong> la formation aux risques domestiques<\/strong><b> par les <\/b><strong>pompiers <\/strong><b>pour tou<\/b><b>s<\/b><b> les \u00e9l\u00e8ves de 4\u00e8mes. <\/b><\/span><\/span><\/p>\n<p><span style=\"color: #0066ff\"><span style=\"font-family: Arial, sans-serif\"><strong>Objectif : sensibilisation, pr\u00e9vention et cr\u00e9er du lien avec les pompiers et nos \u00e9l\u00e8ves<\/strong>. <\/span><\/span><\/p>\n<p><span style=\"color: #0066ff\"><span style=\"font-family: Arial, sans-serif\">L&#8217;ensemble des \u00e9l\u00e8ves de 4\u00e8mes a \u00e9t\u00e9 form\u00e9 sur 1H\/classe. 3 <\/span><\/span><span style=\"color: #3366ff\">ateliers \u00e9taient propos\u00e9s :<\/span><\/p>\n<p><span style=\"color: #3366ff\">&#8211; 1) risques domestiques,<\/span><\/p>\n<p><span style=\"color: #3366ff\">&#8211; 2) premiers secours et gestes qui sauvent,<\/span><\/p>\n<p><span style=\"color: #3366ff\">&#8211; 3) \u00c9teindre un feu.<\/span><\/p>\n<p><span style=\"color: #0066ff\"><span style=\"font-family: Arial, sans-serif\"><a href=\"https:\/\/collegelucieaubrac.blogs.laclasse.com\/wp-content\/uploads\/sites\/1279\/2021\/11\/pompiers7-scaled.jpg\"><img loading=\"lazy\" decoding=\"async\" class=\"wp-image-3725 aligncenter\" src=\"https:\/\/collegelucieaubrac.blogs.laclasse.com\/wp-content\/uploads\/sites\/1279\/2021\/11\/pompiers7-scaled.jpg\" alt=\"\" width=\"482\" height=\"364\"\/><\/a> <a href=\"https:\/\/collegelucieaubrac.blogs.laclasse.com\/wp-content\/uploads\/sites\/1279\/2021\/11\/pompiers-6-scaled.jpg\"><img loading=\"lazy\" decoding=\"async\" class=\"wp-image-3726 aligncenter\" src=\"https:\/\/collegelucieaubrac.blogs.laclasse.com\/wp-content\/uploads\/sites\/1279\/2021\/11\/pompiers-6-scaled.jpg\" alt=\"\" width=\"484\" height=\"364\" srcset=\"https:\/\/collegelucieaubrac.blogs.laclasse.com\/wp-content\/uploads\/sites\/1279\/2021\/11\/pompiers-6-scaled.jpg 2560w, https:\/\/collegelucieaubrac.blogs.laclasse.com\/wp-content\/uploads\/sites\/1279\/2021\/11\/pompiers-6-300x225.jpg 300w, https:\/\/collegelucieaubrac.blogs.laclasse.com\/wp-content\/uploads\/sites\/1279\/2021\/11\/pompiers-6-1024x768.jpg 1024w, https:\/\/collegelucieaubrac.blogs.laclasse.com\/wp-content\/uploads\/sites\/1279\/2021\/11\/pompiers-6-768x576.jpg 768w, https:\/\/collegelucieaubrac.blogs.laclasse.com\/wp-content\/uploads\/sites\/1279\/2021\/11\/pompiers-6-1536x1152.jpg 1536w, https:\/\/collegelucieaubrac.blogs.laclasse.com\/wp-content\/uploads\/sites\/1279\/2021\/11\/pompiers-6-2048x1536.jpg 2048w\" sizes=\"auto, (max-width: 484px) 100vw, 484px\" \/><\/a> <a href=\"https:\/\/collegelucieaubrac.blogs.laclasse.com\/wp-content\/uploads\/sites\/1279\/2021\/11\/pompiers-2-scaled.jpg\"><img loading=\"lazy\" decoding=\"async\" class=\"wp-image-3727 aligncenter\" src=\"https:\/\/collegelucieaubrac.blogs.laclasse.com\/wp-content\/uploads\/sites\/1279\/2021\/11\/pompiers-2-scaled.jpg\" alt=\"\" width=\"484\" height=\"366\"\/><\/a> <a href=\"https:\/\/collegelucieaubrac.blogs.laclasse.com\/wp-content\/uploads\/sites\/1279\/2021\/11\/pompier1-scaled.jpg\"><img loading=\"lazy\" decoding=\"async\" class=\"wp-image-3728 aligncenter\" src=\"https:\/\/collegelucieaubrac.blogs.laclasse.com\/wp-content\/uploads\/sites\/1279\/2021\/11\/pompier1-scaled.jpg\" alt=\"\" width=\"481\" height=\"364\"\/><\/a><\/span><\/span><\/p>\n","protected":false},"excerpt":{"rendered":"<p>Le mercredi 24\/11 a eu lieu la formation aux risques domestiques par les pompiers pour tous les \u00e9l\u00e8ves de 4\u00e8mes. Objectif : sensibilisation, pr\u00e9vention et cr\u00e9er du lien avec les pompiers et nos \u00e9l\u00e8ves. L&#8217;ensemble des \u00e9l\u00e8ves de 4\u00e8mes a <a class=\"more-link\" href=\"https:\/\/collegelucieaubrac.blogs.laclasse.com\/?page_id=2213\">Continuer la lecture <span class=\"screen-reader-text\">  Formations premiers secours<\/span><span class=\"meta-nav\">&rarr;<\/span><\/a><\/p>\n","protected":false},"author":34472,"featured_media":0,"parent":2203,"menu_order":0,"comment_status":"closed","ping_status":"closed","template":"","meta":{"ngg_post_thumbnail":0,"footnotes":""},"class_list":["post-2213","page","type-page","status-publish","hentry"],"_links":{"self":[{"href":"https:\/\/collegelucieaubrac.blogs.laclasse.com\/index.php?rest_route=\/wp\/v2\/pages\/2213","targetHints":{"allow":["GET"]}}],"collection":[{"href":"https:\/\/collegelucieaubrac.blogs.laclasse.com\/index.php?rest_route=\/wp\/v2\/pages"}],"about":[{"href":"https:\/\/collegelucieaubrac.blogs.laclasse.com\/index.php?rest_route=\/wp\/v2\/types\/page"}],"author":[{"embeddable":true,"href":"https:\/\/collegelucieaubrac.blogs.laclasse.com\/index.php?rest_route=\/wp\/v2\/users\/34472"}],"replies":[{"embeddable":true,"href":"https:\/\/collegelucieaubrac.blogs.laclasse.com\/index.php?rest_route=%2Fwp%2Fv2%2Fcomments&post=2213"}],"version-history":[{"count":4,"href":"https:\/\/collegelucieaubrac.blogs.laclasse.com\/index.php?rest_route=\/wp\/v2\/pages\/2213\/revisions"}],"predecessor-version":[{"id":3730,"href":"https:\/\/collegelucieaubrac.blogs.laclasse.com\/index.php?rest_route=\/wp\/v2\/pages\/2213\/revisions\/3730"}],"up":[{"embeddable":true,"href":"https:\/\/collegelucieaubrac.blogs.laclasse.com\/index.php?rest_route=\/wp\/v2\/pages\/2203"}],"wp:attachment":[{"href":"https:\/\/collegelucieaubrac.blogs.laclasse.com\/index.php?rest_route=%2Fwp%2Fv2%2Fmedia&parent=2213"}],"curies":[{"name":"wp","href":"https:\/\/api.w.org\/{rel}","templated":true}]}}