{"id":2953,"date":"2020-01-13T13:07:51","date_gmt":"2020-01-13T11:07:51","guid":{"rendered":"https:\/\/collegelucieaubrac.blogs.laclasse.com\/?page_id=2953"},"modified":"2021-11-08T16:28:41","modified_gmt":"2021-11-08T14:28:41","slug":"latelier-r-e-l-a-i-s","status":"publish","type":"page","link":"https:\/\/collegelucieaubrac.blogs.laclasse.com\/?page_id=2953","title":{"rendered":"L&#8217;Atelier R.E.L.A.I.S."},"content":{"rendered":"<p><span style=\"font-family: Arial, sans-serif;color: #3366ff\"><span style=\"font-size: medium\"><a href=\"https:\/\/collegelucieaubrac.blogs.laclasse.com\/wp-content\/uploads\/sites\/1279\/2021\/11\/atelier-relais.jpg\"><img loading=\"lazy\" decoding=\"async\" class=\"wp-image-3686 aligncenter\" src=\"https:\/\/collegelucieaubrac.blogs.laclasse.com\/wp-content\/uploads\/sites\/1279\/2021\/11\/atelier-relais.jpg\" alt=\"\" width=\"203\" height=\"129\"\/><\/a><\/span><\/span><\/p>\n<p><span style=\"font-family: Arial, sans-serif;color: #3366ff\"><span style=\"font-size: medium\">L&#8217;Atelier Relais accueille temporairement des \u00e9l\u00e8ves du cycle 4 ( 5<sup>\u00e8me<\/sup>, 4<sup>\u00e8me<\/sup> et 3<sup>\u00e8me<\/sup>) sous obligation scolaire \u00ab&nbsp;entr\u00e9s dans un processus de rejet de l&#8217;institution scolaire et des apprentissages\u00bb. <\/span><\/span><\/p>\n<p><span style=\"font-family: Arial, sans-serif;color: #3366ff\"><span style=\"font-size: medium\">Cela peut se manifester par :<\/span><\/span><\/p>\n<p><span style=\"font-family: Arial, sans-serif;color: #3366ff\"><span style=\"font-size: medium\">&#8211; une d\u00e9motivation profonde face aux apprentissages,<\/span><\/span><\/p>\n<p><span style=\"font-family: Arial, sans-serif;color: #3366ff\"><span style=\"font-size: medium\">&#8211; un absent\u00e9isme chronique non justifi\u00e9,<\/span><\/span><\/p>\n<p><span style=\"font-family: Arial, sans-serif;color: #3366ff\"><span style=\"font-size: medium\">&#8211; des manquements graves et r\u00e9p\u00e9t\u00e9s au r\u00e8glement int\u00e9rieur.<\/span><\/span><\/p>\n<p align=\"justify\"><span style=\"color: #3366ff\"><span style=\"font-family: Arial, sans-serif\"><span style=\"font-size: medium\">Il propose aux \u00e9l\u00e8ves des temps d\u2019enseignement disciplinaire, une aide m\u00e9thodologique et des ateliers avec des intervenants ext\u00e9rieurs. <\/span><\/span><\/span><\/p>\n<p align=\"justify\"><span style=\"color: #3366ff\"><span style=\"font-family: Arial, sans-serif\"><span style=\"font-size: medium\">La prise en charge \u00e9ducative globale inclut des pratiques p\u00e9dagogiques, l\u2019\u00e9ducation \u00e0 la citoyennet\u00e9, l\u2019ouverture culturelle et sportive ainsi que le parcours individuel d\u2019information, d\u2019orientation et de d\u00e9couverte du monde \u00e9conomique et professionnel. <\/span><\/span><\/span><\/p>\n<p align=\"left\"><span style=\"color: #3366ff\"><span style=\"font-family: Arial, sans-serif\"><span style=\"font-size: medium\"><b>Les actions du dispositif doivent permettre de<\/b>: <\/span><\/span><\/span><\/p>\n<p align=\"justify\"><span style=\"color: #3366ff\"><span style=\"font-family: Arial, sans-serif\"><span style=\"font-size: medium\">&#8211; Remobiliser les \u00e9l\u00e8ves dans les apprentissages,<\/span><\/span><\/span><\/p>\n<p align=\"justify\"><span style=\"color: #3366ff\"><span style=\"font-family: Arial, sans-serif\"><span style=\"font-size: medium\">&#8211; D\u00e9velopper le plaisir d\u2019apprendre,<\/span><\/span><\/span><\/p>\n<p align=\"justify\"><span style=\"color: #3366ff\"><span style=\"font-family: Arial, sans-serif\"><span style=\"font-size: medium\">&#8211; Aider les \u00e9l\u00e8ves \u00e0 prendre confiance en leurs capacit\u00e9s afin qu\u2019ils r\u00e9int\u00e8grent leur classe dans de bonnes conditions. <\/span><\/span><\/span><\/p>\n<p align=\"justify\"><span style=\"font-family: Arial, sans-serif;color: #3366ff\"><span style=\"font-size: medium\">Les \u00e9l\u00e8ves sont pris en charge au coll\u00e8ge par une \u00e9quipe pluridisciplinaire (coordonnatrice, professeurs, Psychologue \u00c9ducation Nationale, intervenants ext\u00e9rieurs), pour une dur\u00e9e de 5 semaines. Les deux premi\u00e8res semaines se d\u00e9roulent \u00e0 temps plein, avec une rupture avec la classe d\u2019origine. Les trois suivantes se font en alternance entre le dispositif et la classe. <\/span><\/span><\/p>\n<p align=\"justify\"><span style=\"font-family: Arial, sans-serif;color: #3366ff\"><span style=\"font-size: medium\">La famille est associ\u00e9e \u00e0 l\u2019entr\u00e9e de son enfant dans le dispositif relais lors de la signature d\u2019un contrat et des diff\u00e9rents entretiens avec l\u2019\u00e9quipe du dispositif.<\/span><\/span><\/p>\n<p><a href=\"https:\/\/eduscol.education.fr\/1872\/les-classes-et-ateliers-relais\"><strong><span style=\"color: #0000ff\">https:\/\/eduscol.education.fr\/1872\/les-classes-et-ateliers-relais<\/span><\/strong><\/a><\/p>\n","protected":false},"excerpt":{"rendered":"<p>L&#8217;Atelier Relais accueille temporairement des \u00e9l\u00e8ves du cycle 4 ( 5\u00e8me, 4\u00e8me et 3\u00e8me) sous obligation scolaire \u00ab&nbsp;entr\u00e9s dans un processus de rejet de l&#8217;institution scolaire et des apprentissages\u00bb. Cela peut se manifester par : &#8211; une d\u00e9motivation profonde face <a class=\"more-link\" href=\"https:\/\/collegelucieaubrac.blogs.laclasse.com\/?page_id=2953\">Continuer la lecture <span class=\"screen-reader-text\">  L&#8217;Atelier R.E.L.A.I.S.<\/span><span class=\"meta-nav\">&rarr;<\/span><\/a><\/p>\n","protected":false},"author":34472,"featured_media":0,"parent":0,"menu_order":0,"comment_status":"closed","ping_status":"closed","template":"","meta":{"ngg_post_thumbnail":0,"footnotes":""},"class_list":["post-2953","page","type-page","status-publish","hentry"],"_links":{"self":[{"href":"https:\/\/collegelucieaubrac.blogs.laclasse.com\/index.php?rest_route=\/wp\/v2\/pages\/2953","targetHints":{"allow":["GET"]}}],"collection":[{"href":"https:\/\/collegelucieaubrac.blogs.laclasse.com\/index.php?rest_route=\/wp\/v2\/pages"}],"about":[{"href":"https:\/\/collegelucieaubrac.blogs.laclasse.com\/index.php?rest_route=\/wp\/v2\/types\/page"}],"author":[{"embeddable":true,"href":"https:\/\/collegelucieaubrac.blogs.laclasse.com\/index.php?rest_route=\/wp\/v2\/users\/34472"}],"replies":[{"embeddable":true,"href":"https:\/\/collegelucieaubrac.blogs.laclasse.com\/index.php?rest_route=%2Fwp%2Fv2%2Fcomments&post=2953"}],"version-history":[{"count":5,"href":"https:\/\/collegelucieaubrac.blogs.laclasse.com\/index.php?rest_route=\/wp\/v2\/pages\/2953\/revisions"}],"predecessor-version":[{"id":3687,"href":"https:\/\/collegelucieaubrac.blogs.laclasse.com\/index.php?rest_route=\/wp\/v2\/pages\/2953\/revisions\/3687"}],"wp:attachment":[{"href":"https:\/\/collegelucieaubrac.blogs.laclasse.com\/index.php?rest_route=%2Fwp%2Fv2%2Fmedia&parent=2953"}],"curies":[{"name":"wp","href":"https:\/\/api.w.org\/{rel}","templated":true}]}}

<p><span style="font-family: Arial, sans-serif;color: #3366ff"><span style="font-size: medium"><a href="https://collegelucieaubrac.blogs.laclasse.com/wp-content/uploads/sites/1279/2021/11/atelier-relais.jpg"><img loading="lazy" decoding="async" class="wp-image-3686 aligncenter" src="https://collegelucieaubrac.blogs.laclasse.com/wp-content/uploads/sites/1279/2021/11/atelier-relais.jpg" alt="" width="203" height="129"/></a></span></span></p>
<p><span style="font-family: Arial, sans-serif;color: #3366ff"><span style="font-size: medium">L&#8217;Atelier Relais accueille temporairement des élèves du cycle 4 ( 5<sup>ème</sup>, 4<sup>ème</sup> et 3<sup>ème</sup>) sous obligation scolaire «&nbsp;entrés dans un processus de rejet de l&#8217;institution scolaire et des apprentissages». </span></span></p>
<p><span style="font-family: Arial, sans-serif;color: #3366ff"><span style="font-size: medium">Cela peut se manifester par :</span></span></p>
<p><span style="font-family: Arial, sans-serif;color: #3366ff"><span style="font-size: medium">&#8211; une démotivation profonde face aux apprentissages,</span></span></p>
<p><span style="font-family: Arial, sans-serif;color: #3366ff"><span style="font-size: medium">&#8211; un absentéisme chronique non justifié,</span></span></p>
<p><span style="font-family: Arial, sans-serif;color: #3366ff"><span style="font-size: medium">&#8211; des manquements graves et répétés au règlement intérieur.</span></span></p>
<p align="justify"><span style="color: #3366ff"><span style="font-family: Arial, sans-serif"><span style="font-size: medium">Il propose aux élèves des temps d’enseignement disciplinaire, une aide méthodologique et des ateliers avec des intervenants extérieurs. </span></span></span></p>
<p align="justify"><span style="color: #3366ff"><span style="font-family: Arial, sans-serif"><span style="font-size: medium">La prise en charge éducative globale inclut des pratiques pédagogiques, l’éducation à la citoyenneté, l’ouverture culturelle et sportive ainsi que le parcours individuel d’information, d’orientation et de découverte du monde économique et professionnel. </span></span></span></p>
<p align="left"><span style="color: #3366ff"><span style="font-family: Arial, sans-serif"><span style="font-size: medium"><b>Les actions du dispositif doivent permettre de</b>: </span></span></span></p>
<p align="justify"><span style="color: #3366ff"><span style="font-family: Arial, sans-serif"><span style="font-size: medium">&#8211; Remobiliser les élèves dans les apprentissages,</span></span></span></p>
<p align="justify"><span style="color: #3366ff"><span style="font-family: Arial, sans-serif"><span style="font-size: medium">&#8211; Développer le plaisir d’apprendre,</span></span></span></p>
<p align="justify"><span style="color: #3366ff"><span style="font-family: Arial, sans-serif"><span style="font-size: medium">&#8211; Aider les élèves à prendre confiance en leurs capacités afin qu’ils réintègrent leur classe dans de bonnes conditions. </span></span></span></p>
<p align="justify"><span style="font-family: Arial, sans-serif;color: #3366ff"><span style="font-size: medium">Les élèves sont pris en charge au collège par une équipe pluridisciplinaire (coordonnatrice, professeurs, Psychologue Éducation Nationale, intervenants extérieurs), pour une durée de 5 semaines. Les deux premières semaines se déroulent à temps plein, avec une rupture avec la classe d’origine. Les trois suivantes se font en alternance entre le dispositif et la classe. </span></span></p>
<p align="justify"><span style="font-family: Arial, sans-serif;color: #3366ff"><span style="font-size: medium">La famille est associée à l’entrée de son enfant dans le dispositif relais lors de la signature d’un contrat et des différents entretiens avec l’équipe du dispositif.</span></span></p>
<p><a href="https://eduscol.education.fr/1872/les-classes-et-ateliers-relais"><strong><span style="color: #0000ff">https://eduscol.education.fr/1872/les-classes-et-ateliers-relais</span></strong></a></p>

<p>L&#8217;Atelier Relais accueille temporairement des élèves du cycle 4 ( 5ème, 4ème et 3ème) sous obligation scolaire «&nbsp;entrés dans un processus de rejet de l&#8217;institution scolaire et des apprentissages». Cela peut se manifester par : &#8211; une démotivation profonde face <a class="more-link" href="https://collegelucieaubrac.blogs.laclasse.com/?page_id=2953">Continuer la lecture <span class="screen-reader-text">  L&#8217;Atelier R.E.L.A.I.S.</span><span class="meta-nav">&rarr;</span></a></p>
