{"id":3207,"date":"2020-06-09T12:44:14","date_gmt":"2020-06-09T10:44:14","guid":{"rendered":"https:\/\/collegelucieaubrac.blogs.laclasse.com\/?page_id=3207"},"modified":"2020-08-31T15:56:08","modified_gmt":"2020-08-31T13:56:08","slug":"rentree-2020-21","status":"publish","type":"page","link":"https:\/\/collegelucieaubrac.blogs.laclasse.com\/?page_id=3207","title":{"rendered":"S\u00e9curit\u00e9, hygi\u00e8ne, b\u00e2timents"},"content":{"rendered":"<h3>Hygi\u00e8ne et s\u00e9curit\u00e9 dans l&#8217;\u00e9tablissement<\/h3>\n<h5><span style=\"color: #ff0000\">Protocole de lavage des masques distribu\u00e9s par la m\u00e9tropole Grand Lyon \u00e0 tous les \u00e9l\u00e8ves :<\/span><\/h5>\n<h3><span style=\"color: #800080\"><\/span><\/h3>\n<p>&nbsp;<\/p>\n<h3><span style=\"color: #800080\">Travaux<\/span><\/h3>\n","protected":false},"excerpt":{"rendered":"<p>Hygi\u00e8ne et s\u00e9curit\u00e9 dans l&#8217;\u00e9tablissement Protocole de lavage des masques distribu\u00e9s par la m\u00e9tropole Grand Lyon \u00e0 tous les \u00e9l\u00e8ves : &nbsp; Travaux<\/p>\n","protected":false},"author":34472,"featured_media":0,"parent":0,"menu_order":0,"comment_status":"closed","ping_status":"closed","template":"","meta":{"ngg_post_thumbnail":0,"footnotes":""},"class_list":["post-3207","page","type-page","status-publish","hentry"],"_links":{"self":[{"href":"https:\/\/collegelucieaubrac.blogs.laclasse.com\/index.php?rest_route=\/wp\/v2\/pages\/3207","targetHints":{"allow":["GET"]}}],"collection":[{"href":"https:\/\/collegelucieaubrac.blogs.laclasse.com\/index.php?rest_route=\/wp\/v2\/pages"}],"about":[{"href":"https:\/\/collegelucieaubrac.blogs.laclasse.com\/index.php?rest_route=\/wp\/v2\/types\/page"}],"author":[{"embeddable":true,"href":"https:\/\/collegelucieaubrac.blogs.laclasse.com\/index.php?rest_route=\/wp\/v2\/users\/34472"}],"replies":[{"embeddable":true,"href":"https:\/\/collegelucieaubrac.blogs.laclasse.com\/index.php?rest_route=%2Fwp%2Fv2%2Fcomments&post=3207"}],"version-history":[{"count":24,"href":"https:\/\/collegelucieaubrac.blogs.laclasse.com\/index.php?rest_route=\/wp\/v2\/pages\/3207\/revisions"}],"predecessor-version":[{"id":3350,"href":"https:\/\/collegelucieaubrac.blogs.laclasse.com\/index.php?rest_route=\/wp\/v2\/pages\/3207\/revisions\/3350"}],"wp:attachment":[{"href":"https:\/\/collegelucieaubrac.blogs.laclasse.com\/index.php?rest_route=%2Fwp%2Fv2%2Fmedia&parent=3207"}],"curies":[{"name":"wp","href":"https:\/\/api.w.org\/{rel}","templated":true}]}}